
2, 7
Let n = -54 - -38. Let x be 15/6*(n + 0). What are the prime factors of (-7)/21 + x/(-3)?
13
Suppose -54 + 186 = -3*w. Let d be (-2)/((-2)/(-1 + 3)). What are the prime factors of 8/(-16)*w/d?
11
Suppose 364 = -5*b - 4*a + 1989, 5*b + 2*a = 1615. Suppose 0 = -5*n - 3*d + b, -5*n - 2*d + 8 + 311 = 0. What are the prime factors of n?
3, 7
Let k(u) = -4*u - 63. Let o be k(-21). What are the prime factors of (-4 - -1)*(-1106)/o?
2, 79
Suppose -u - 22 = -4*p, 3*p - u - 2*u - 21 = 0. Suppose l - p = -2. What are the prime factors of (44/l)/((-4)/(-6))?
2, 11
Let b be 1*15*(-32)/(-40). Suppose 0 = 2*y - 5*y + b. Suppose y*k = -14 + 86. What are the prime factors of k?
2, 3
Let n be (-602 - (6 + -5)) + 1. Let j = n - -910. List the prime factors of j.
2, 7, 11
Let k be (11/(220/(-16)))/(4/(-10)). Suppose 0 = -k*m - 4*q + 190, 2*m + 3*q = 2*q + 190. List the prime factors of m.
5, 19
Let m(b) = -b**3 + 13*b**2 - b - 26. Let i be m(11). Let d be 0 - 0 - (2 + -7). Suppose -2*c + 43 = -c + k, -d*c + 5*k = -i. What are the prime factors of c?
2, 3, 7
Suppose 0*w - 5 = -p + w, 5 = 5*w. Let b be p/(0 + 9/78). Suppose -4*r + b = -2*r. List the prime factors of r.
2, 13
Let t = -1597 + 3751. What are the prime factors of t?
2, 3, 359
List the prime factors of (-284028)/(-93) + (-34)/527.
2, 3, 509
Suppose 40*a - 12512 = 8848. List the prime factors of a.
2, 3, 89
Let g be 360 + 8 + 4/2. Suppose -g = -21*u + 16*u. List the prime factors of u.
2, 37
Let i = -80 + 101. Let c = 1 + 0. Suppose 5*v + c = i. What are the prime factors of v?
2
Suppose m + 2*g - 535 = 734, -5*m + 4*g + 6345 = 0. List the prime factors of m.
3, 47
Let x(y) = -13*y + 10. Let b(c) = 1. Let s(q) = 6*b(q) - x(q). What are the prime factors of s(2)?
2, 11
Let p(j) be the third derivative of -25*j**4/24 + j**3/3 - 17*j**2. What are the prime factors of p(-4)?
2, 3, 17
List the prime factors of ((-1)/2)/((-11)/(-300344)*-4).
3413
Suppose -6 = 4*a - 6*a. Suppose -a*u + 92 = -37. What are the prime factors of u?
43
Let w = 150 - -41. Let t = 122 - w. Let m = -49 - t. List the prime factors of m.
2, 5
Let i = -2 + 2. Suppose -4 = -u, i = h + 5*u - 5 - 10. What are the prime factors of (-2)/h + 312/20?
2
Let z = 38 - 121. Let w = z - -179. Suppose -3*l + w = l - 4*s, -96 = -4*l - s. What are the prime factors of l?
2, 3
Suppose 0*w = -w + 2*k + 340, -5*w = 2*k - 1640. List the prime factors of w.
2, 3, 5, 11
Suppose 3*r + 201 = 939. List the prime factors of r.
2, 3, 41
Let c(j) = -j**2 + 2*j - 6. Let t be c(0). List the prime factors of (-3 - 16/t)*-42.
2, 7
Suppose 6*x - 3*x = -4*n + 19, -2*n + 2 = 4*x. Suppose 11*q = n*q + 416. What are the prime factors of q?
2, 13
Let j(n) = 5*n - 6. Let m be j(3). Suppose -p - 2*o = -15, -m = -3*p - 4*o + 46. List the prime factors of p.
5
Suppose -3*u + 1411 = -0*u + 4*d, -1864 = -4*u - d. What are the prime factors of u?
3, 5, 31
Suppose 2*k = 4*g - 8*g - 18, 2*g = 4*k - 14. What are the prime factors of (-14)/(g - -4) + 5?
19
Let j be -13 + -3 + 6 + (5 - 1). List the prime factors of (246/(-4))/(j - (-225)/40).
2, 41
Suppose 4*p = -2*v + 8952, p + v - 6712 = -2*p. What are the prime factors of p?
2, 13, 43
Let o be ((56/10)/(-7))/(1/(-40)). Let q = o - 30. What are the prime factors of q?
2
What are the prime factors of -2*2*26323/(-44)?
2393
Let z(a) be the second derivative of -5*a**3/6 - 9*a**2/2 - 4*a. Let n be z(-7). Suppose -y + n = y. List the prime factors of y.
13
Suppose -y - y = -6. Suppose y = -t - r + 10, 31 = 4*t + 5*r. Suppose 0 = 5*j - 6 - t. List the prime factors of j.
2
Let j = -12 - -9. Let n(c) = c + 2. Let k be n(j). List the prime factors of 0 + 13 - 2/k.
3, 5
Let x(l) = -l + 10. Let k be x(14). Let b be 2/k - (-27)/6. Suppose 0 = b*i + 3*m - 143 - 20, 4*m = 4*i - 156. List the prime factors of i.
2, 5
Suppose 4*a - 2*k = 12194, -7*a + 6*a = -3*k - 3041. List the prime factors of a.
2, 5, 61
Let r(b) = -20*b. Let c be r(5). Let q = -59 - c. List the prime factors of q.
41
Let v = -9 - -16. Let y(p) = 2*p + 15. Let d be y(v). Suppose -4*n + 15 + d = 0. What are the prime factors of n?
11
What are the prime factors of (2672/(-10))/(-10 + 480/50)?
2, 167
Let l = 203 - 90. Let r = 103 + l. What are the prime factors of r?
2, 3
Let z be (-4 - -7)*(1 + -2). Let r = z + 7. Suppose -r*v + 3*i - 2 = -5, 0 = v - 4*i + 9. What are the prime factors of v?
3
Let m(r) = -151*r - 343. What are the prime factors of m(-16)?
3, 691
Let f = -483 - -794. Let b = 451 - f. List the prime factors of b.
2, 5, 7
Let z(g) = 16*g**2 - 4*g - 7. Let p be z(5). Suppose 2*m + 2*m - 374 = -5*y, 3*m - p = -5*y. What are the prime factors of y?
2, 37
Let x be -3*(-12)/8*(-14)/3. Suppose 2*c - 128 = 6*c. Let d = x - c. What are the prime factors of d?
11
Suppose 0 = 5*a + 3*z + 2, -2*a = -4*z + 2*z - 12. Let v(o) = -4*o**2 - 3 - 2*o - a*o**3 + 5 + 2 - 1. List the prime factors of v(-3).
3
Let a(i) = -i**3 + 8*i**2 + i - 6. Let b be a(8). Suppose f = 4*h - 263, b*f + 258 = 4*h - 0*f. List the prime factors of h.
67
Let c be (1 - 0)*-1 + 450. Suppose -c = -3*d - 4*t, 3*d = -2*d + 5*t + 760. Suppose 5*q - d - 169 = 0. What are the prime factors of q?
2
Let t(s) = -s**3 + 10*s**2 - 5*s - 14. Let q be t(9). Let y = 124 - q. List the prime factors of y.
2, 3, 17
Let s be 1204/3 - 3/9. Let c = s - 262. What are the prime factors of c?
139
Suppose k - 5*i = 10, 4*k - 13 = 3*k + 2*i. List the prime factors of 1270/16 + k/(-40).
79
Let c(z) be the third derivative of 7*z**4/12 - 5*z**3/6 + 3*z**2. Let y(v) = -15*v + 4. Let s(d) = 5*c(d) + 6*y(d). What are the prime factors of s(-1)?
19
List the prime factors of 52*5/((-5)/7)*-1.
2, 7, 13
Let h be ((-2)/(-5))/((-4)/(-40)). Let m = 58 + -33. What are the prime factors of (4/h - 0) + m?
2, 13
Let w(s) = -s**3 + 22*s**2 + 6*s + 51. Let b be w(22). Let p = -59 + b. List the prime factors of p.
2, 31
Suppose -5*b - 2885 = -2*s, -11*s + 7290 = -6*s + 3*b. List the prime factors of s.
3, 5, 97
Let u be (-3)/(2/10 + 0). List the prime factors of (10/(-4))/(2 - u/(-6)).
5
Let h(f) = -3*f**2 + 33*f - 46. Let a(l) = -2*l**2 + 22*l - 31. Let s(y) = 7*a(y) - 5*h(y). Let c be s(9). What are the prime factors of (-69)/c + (-8)/(-40)?
2, 7
Let f(w) be the first derivative of 41*w**3/3 - 4*w**2 - 2*w + 8. What are the prime factors of f(2)?
2, 73
Let u = -4 + 6. Suppose -7 = -r + u*r. Let c(i) = i**2 + 3*i - 8. List the prime factors of c(r).
2, 5
Suppose 3*g + 4*w = -32, 62 = -0*g - 5*g + 2*w. Let f be (-3)/g - 392/32. List the prime factors of (-9)/54 - 134/f.
11
Let r = -61 + -37. Let a = -141 - r. Let t = a + 83. What are the prime factors of t?
2, 5
Let k = -9 - -20. Suppose 2*t - 4*r = 18, t + 2*r = 6*t - 37. Let u = k + t. List the prime factors of u.
2, 3
List the prime factors of 3115/(-20)*18*-2.
3, 7, 89
Let z(k) = k**2 + 4*k - 5. Let o be z(-6). Suppose -12*s + 360 = -o*s. Suppose -2*b - 71 = -2*q - 19, s = 3*q + 3*b. What are the prime factors of q?
5
Let f(p) = 27*p**2 + 19*p + 83. List the prime factors of f(-6).
941
Let z(p) = 19*p - 4. Suppose -10 = -j - 6. Let x be z(j). What are the prime factors of -1*(x/(-4) + 1)?
17
Let b = 1 - -539. List the prime factors of b.
2, 3, 5
Let b(n) be the third derivative of -n**4/6 - 11*n**3/6 - 4*n**2. What are the prime factors of b(-16)?
53
Suppose 0*w + 288 = 3*w. Suppose -6*t = -4*t - w. List the prime factors of t.
2, 3
Let v(w) = 4*w - 1. Let q be v(1). Suppose 0 = j - q*k - 23, -7*j + 3*k + 128 = -3*j. What are the prime factors of j?
5, 7
Let t(j) = 2*j**3 + 3*j + 4. Let c be t(3). Suppose -7*w + 640 = -c. What are the prime factors of w?
101
Let m be 1*(0 + 39)*1. Let j = 59 - m. List the prime factors of j.
2, 5
Let v(g) = g**2 - 2*g + 2. Let r be v(0). Suppose -186 = r*h - 4*h. List the prime factors of h.
3, 31
Suppose w = 15*w - 55104. What are the prime factors of w?
2, 3, 41
Let c be (1 - -88)/(2/2). Let k be 280/45 - (-2)/(-9). Suppose -5*n - 2*s = -c, -n - 3*s + 17 = -k. What are the prime factors of n?
17
Suppose 3*k = -5*n + 5, -3*n + n = -k + 9. Suppose t = -k*i + 1 + 162, -2*i + 62 = 2*t. Let q = 23 + i. What are the prime factors of q?
2, 7
Suppose -96*a - 10656 = -144*a. List the prime factors of a.
2, 3, 37
Suppose r - 34 = -4*w - 0, -2*r = w - 68. Suppose